ime factors of 4697 - 7*(-104)/(-91).
3, 521
Let l(j) = 22*j + 7. Let d(q) = -21*q - 8. Let y(g) = 4*d(g) + 5*l(g). What are the prime factors of y(1)?
29
Suppose 0 = 13*a - 15*a - 2. Let f be (a - 0)/((-5)/25). Suppose i = f*r - 122, 2*i + 2*i - 137 = -5*r. What are the prime factors of r?
5
Let d be (-1 + 8/12)*-3. Suppose -6 + d = -x. Suppose 3*k - 59 = -i, 2*i + x*k - 61 = i. What are the prime factors of i?
2, 7
Let h(p) = 19*p**2 + 9*p - 95. List the prime factors of h(6).
643
Let s = -6 + 11. Suppose 5*q + n - 20 = 6*n, 2*q - 3*n - 9 = 0. Suppose -y + 105 = q*y + 5*j, s*j = -15. What are the prime factors of y?
2, 3, 5
Let w = -2 + 7. Suppose -w*i = -3*i - 94. Let h = i + -29. List the prime factors of h.
2, 3
Let w = 21 - 19. Suppose 5*x = 3*n + 307, x + n = w*n + 63. What are the prime factors of x?
59
What are the prime factors of (-180)/(-50)*3210/4?
3, 107
Let n = 7 + -9. Let z(q) = q**2 + 4*q + 5. Let h be z(-2). List the prime factors of (98/(-4))/(h/n).
7
Let v be ((-11)/(-33))/((-2)/(-60)). What are the prime factors of (36/v)/(-3 - (-513)/170)?
2, 3, 17
Let n = 78 - 62. Suppose -12*u = n - 220. List the prime factors of u.
17
Let w = -34 + 44. Suppose -7*c = -w*c + 51. What are the prime factors of c?
17
Let t(s) = -38*s + 10. Let d(x) = -3*x - 24. Let j be d(-7). What are the prime factors of t(j)?
2, 31
Suppose 5*s = -5*l + 3565, -6*l + 1429 = -4*l - s. List the prime factors of l.
2, 3, 7, 17
Let r = 25 - 20. Suppose -5*a + 2*w + 215 = 0, 4*a = -r*w + 151 + 54. What are the prime factors of a?
3, 5
Let d = -64 + 148. What are the prime factors of d?
2, 3, 7
Suppose 9*y = -3*y + 8640. List the prime factors of y.
2, 3, 5
Let k(d) = 356*d**3 + 2*d**2 + 3*d + 1. Let v be k(-1). Let z = -183 - v. What are the prime factors of z?
173
Suppose -4385 = -62*y + 57*y. What are the prime factors of y?
877
Let t(m) = 4*m**3 + 6*m**2 - m + 3. Let a be t(-3). List the prime factors of 608/a*1*3/(-2).
19
Let g be 0 - (-11)/(-11)*(-1 + -1). Suppose 0 = -2*f - w + 8, -g*f = -4*w + 5 - 23. What are the prime factors of f?
5
Suppose 2*d - 406 = -g + 388, d - 3162 = -4*g. List the prime factors of g.
2, 5, 79
Suppose -6 + 22 = 2*j. What are the prime factors of j/6*42 + 0?
2, 7
Suppose -4102 = -9*j - 1438. List the prime factors of j.
2, 37
List the prime factors of 9/(-21) - (-274104)/126.
3, 5, 29
Suppose 8*t = 5*t. Suppose -b - 4*p + 35 = t, 39 = b + 2*p + 8. What are the prime factors of b?
3
Let r be (-38)/10 - 4/20. List the prime factors of 2/3*-6*r.
2
Let p = 40 + -38. Suppose 0 = p*r + 8 - 16. List the prime factors of r.
2
Suppose -4*f + 6 + 10 = 0, n - 3*f = -3. List the prime factors of (-1772)/(-12) - (6/n + 0).
3, 7
Suppose 27*s - 30*s = -36. What are the prime factors of (-75*8/s)/(-2)?
5
Let c be -10*(8/2 + 2). Let j be c/48 - 1/(-4). What are the prime factors of 118/4 - j/(-2)?
29
Let l be (-7)/(7/48) + 1 + 2. Let x = 69 - l. What are the prime factors of x?
2, 3, 19
Let q(x) = 2055*x - 279. What are the prime factors of q(2)?
3, 1277
Let u = 1184 - 455. What are the prime factors of u?
3
Let t(p) = -p**3 + 6*p**2 + 2*p + 5. Let o be t(6). Let x = 19 - o. What are the prime factors of x?
2
Let m be (3 + (-7)/2)*8. Let s = m - -37. What are the prime factors of s?
3, 11
Let f = 17 + -14. Suppose f*z - 40 - 32 = 3*k, k = -3. List the prime factors of z.
3, 7
Let a(j) = -17*j - 33. Let z be a(5). List the prime factors of (z/4)/((2 + -9)/14).
59
Let k = -216 - -520. Suppose 2*l = 6*l - k. What are the prime factors of l?
2, 19
Suppose 2*s - n - 911 = 0, 3*n = 5*s - 2050 - 225. What are the prime factors of s?
2, 229
Let h = -19 - -20. Let j be 61 + (3 - h - 4). Suppose 0 = -4*o + 3*m + j, -5*m + 2*m = 3*o - 18. What are the prime factors of o?
11
Suppose 0 = -0*p + 2*p - 2*g - 584, 4*g = -5*p + 1424. Suppose 0*q - 4*q + p = 0. Suppose -4*w + q = -2*w. What are the prime factors of w?
2, 3
Suppose 7*x + 30 = -194. Let v = -23 + 12. Let r = v - x. List the prime factors of r.
3, 7
Let c(w) = 10*w**3 - 2*w**2 - 2*w**3 + 16*w - 15*w. Let r be c(1). Let p(x) = -x**2 + 8*x + 9. List the prime factors of p(r).
2
Let s be ((-9)/2)/(7/(210/(-9))). Suppose 12*i - s*i = -12. What are the prime factors of i?
2
Let f be 3/(9/(-84)*-2). Suppose 5*o - 16 = f. Suppose 0 = k - o*k + 95. What are the prime factors of k?
19
Suppose -14*k - 258 = -15*k. Suppose -k = -7*p + 596. List the prime factors of p.
2, 61
Let c be 1/2 - (-3)/(-2). Let k(v) = -34*v**3 - 2*v**2 + 1. List the prime factors of k(c).
3, 11
Let p = 20 - 15. Suppose -5*q - p*f = -0*f - 710, 0 = 5*q - 3*f - 726. What are the prime factors of q?
2, 3
Suppose -1 = 3*b + 5*j, 0*b = -5*b - 5*j + 5. Suppose 4*o + d = 138, -5*o - 5*d + 176 = -2*d. Suppose -z = -b*z + o. What are the prime factors of z?
17
Suppose -7111 = 106*n - 119*n. List the prime factors of n.
547
Suppose -88*x = -81*x - 20909. What are the prime factors of x?
29, 103
Let b(w) = -w**3 - 4*w**2 - 5*w - 8. Let r be b(-6). Let u be r/3 - 32/(-48). Suppose -v = 3*z - u - 17, 0 = -4*v - z + 196. List the prime factors of v.
7
Let l = 1380 - 812. What are the prime factors of l?
2, 71
Suppose 0 = 3*b - b. Suppose 3*s + 52 = k - 19, -5*k - 2*s + 389 = b. List the prime factors of k.
7, 11
Let m be 3 + (-1 - (-4 + 5)). Let u(j) = 4*j**2. Let b be u(m). Suppose 3*d + 30 = b*d. What are the prime factors of d?
2, 3, 5
Suppose -3*k = 5*w + 95, -k + 4*w - 60 + 17 = 0. Suppose 5*g + 4*x + 249 = 0, -4*g - g + 5*x = 285. Let f = k - g. What are the prime factors of f?
2, 3
Let t be 1*-26 - (1 + -5). Let v = 39 + t. List the prime factors of 0 + v + 0/(-1).
17
Let w = -233 + 521. Suppose -2*x - 4*b = -w, b - 2*b = 4*x - 604. List the prime factors of x.
2, 19
Let c be (4/3)/(1/33). What are the prime factors of c*(-2)/(-4) + -2?
2, 5
Let c be ((-7)/((-14)/6))/1. Let v(f) = f**3 + 2*f**2 - f + 9. List the prime factors of v(c).
3, 17
Let i(q) = q**3 + 15*q**2 - 15*q + 8. Let a be i(-16). Let v = 1 - a. Suppose 0 = w - 9 - v. List the prime factors of w.
2, 3
Let x = -6 - -14. Suppose z = 3*z - x. Suppose -2*m - z*l = l - 49, 4*m + l = 107. List the prime factors of m.
3
Let n(l) = 4*l**3 - 5*l**2 - 8*l + 3. List the prime factors of n(5).
2, 13
Suppose 2*l - 2*g - 24 = 5*l, 3*g = -2*l - 11. What are the prime factors of 52*(-7)/l + (-3)/(-5)?
37
Suppose -4*v = z - 661 - 3647, 4*v + 3*z - 4316 = 0. Suppose -v = 5*m - 3*m. List the prime factors of 9/45 + m/(-10).
2, 3
What are the prime factors of -2*1/(-3) + 115280/132?
2, 19, 23
Suppose -u - 5 = 0, -5*f - 3*u + 1353 = -2*f. Suppose -4*a + f = -5*y, 0*a - 480 = -4*a - y. What are the prime factors of a?
7, 17
Suppose 4*q + q - 615 = 0. Suppose -3*f = -3*a - q, -180 = -5*f + f - 4*a. Suppose 144 = 4*x - 5*v + 11, -x + f = 2*v. List the prime factors of x.
37
Let q be (-1)/4 - 1/(-4). Let m = q + -3. What are the prime factors of ((-4)/4 - 0)*m?
3
Let y = 17 + -11. Suppose -5*d + 21 = z, 2*d - 4*d = z - y. Let g(m) = m**3 + 5*m**2 - 4*m - 6. List the prime factors of g(z).
2, 13
Let q = -76 - -196. Suppose 3*t - 42 - q = 0. What are the prime factors of t?
2, 3
Suppose 5 = -2*w + 5*q - 7, 5*w = 4*q + 4. Let g(l) = 3*l - 3*l**2 - 7 + 2*l + w*l**2. What are the prime factors of g(-7)?
7
Let t(g) = 3*g**3 + 3*g**2 - 3*g + 3. Let k be (8/(-3))/((-24)/(-108)). Let z be k/10*(-5)/3. What are the prime factors of t(z)?
3, 11
Let c be (-5 - 0)*3/(-5). Suppose -3*k = 9, 2*b - c*k - 131 = 2*k. List the prime factors of b.
2, 29
Let l(i) = -153*i + 13. List the prime factors of l(-9).
2, 5, 139
Let d = 6543 + -4648. What are the prime factors of d?
5, 379
Suppose 13*p + 481 - 4550 = 0. List the prime factors of p.
313
Let f = -40 + 96. List the prime factors of f.
2, 7
List the prime factors of 12/(-24)*-5*(-14804)/(-10).
3701
Let b = 104 - -169. Suppose -17*c + 20*c = b. List the prime factors of c.
7, 13
Let c(q) = q**3 - 53*q**2 - 56*q + 104. Let o be c(54). Let p(v) = -6*v + 0*v**2 + 0*v**2 - v**2 - 3. List the prime factors of p(o).
5
Let c(h) = 17*h**2 - 3*h - 3. Suppose -4*i - 17 + 13 = 0. List the prime factors of c(i).
17
Suppose -99*j = -107*j + 18152. List the prime factors of j.
2269
List the prime factors of (-1)/(-1 - 3600/(-3603)).
1201
Let r(u) = -u**2 + 9*u - 4. Let j be r(9)